{"id":740,"date":"2023-09-21T17:40:52","date_gmt":"2023-09-21T15:40:52","guid":{"rendered":"https:\/\/jaeger.expert\/tma\/?page_id=740"},"modified":"2025-04-25T08:48:30","modified_gmt":"2025-04-25T06:48:30","slug":"downloads-links","status":"publish","type":"page","link":"https:\/\/jaeger.expert\/tma\/downloads-links\/","title":{"rendered":"Downloads &#038; Links"},"content":{"rendered":"\t\t<div data-elementor-type=\"wp-page\" data-elementor-id=\"740\" class=\"elementor elementor-740\" data-elementor-post-type=\"page\">\n\t\t\t\t<div class=\"elementor-element elementor-element-8de96b3 e-flex e-con-boxed wpr-particle-no wpr-jarallax-no wpr-parallax-no wpr-sticky-section-no wpr-equal-height-no e-con e-parent\" data-id=\"8de96b3\" data-element_type=\"container\" data-e-type=\"container\">\n\t\t\t\t\t<div class=\"e-con-inner\">\n\t\t\t\t<div class=\"elementor-element elementor-element-474be27 elementor-widget elementor-widget-heading\" data-id=\"474be27\" data-element_type=\"widget\" data-e-type=\"widget\" data-widget_type=\"heading.default\">\n\t\t\t\t<div class=\"elementor-widget-container\">\n\t\t\t\t\t<h2 class=\"elementor-heading-title elementor-size-default\">Downloads &amp; Links<\/h2>\t\t\t\t<\/div>\n\t\t\t\t<\/div>\n\t\t\t\t<div class=\"elementor-element elementor-element-6b6dcf6 elementor-widget elementor-widget-text-editor\" data-id=\"6b6dcf6\" data-element_type=\"widget\" data-e-type=\"widget\" data-widget_type=\"text-editor.default\">\n\t\t\t\t<div class=\"elementor-widget-container\">\n\t\t\t\t\t\t\t\t\t<p>Der TMA Freilassing stellt Ihnen\/Euch wichtige Informationen und Formulare im<br \/>PDF-Format zur Verf\u00fcgung:<\/p><h4>Downloads\u00a0zum Verein<\/h4><ul><li><span class=\"cm_anchor\"><a class=\"cm_anchor\" href=\"https:\/\/www.tma-freilassing.de\/.cm4all\/uproc.php\/0\/Beitrittserkla%CC%88rung%20TMA%202025_Ta.pdf?cdp=a&amp;_=195ecea9b28\" target=\"_self\" rel=\"noreferrer noopener\">Beitrittserkl\u00e4rung_2025<\/a><\/span><\/li><li><span class=\"cm_anchor\"><a class=\"cm_anchor\" href=\"https:\/\/www.tma-freilassing.de\/.cm4all\/uproc.php\/0\/Datenschutzrichtlinie.pdf?_=1784a61428f&amp;cdp=a\" target=\"_self\" rel=\"noreferrer noopener\">Datenschutzrichtlinie<\/a><\/span><\/li><li><a class=\"cm_anchor\" href=\"https:\/\/www.tma-freilassing.de\/.cm4all\/uproc.php\/0\/Satzung_2021_Ta.pdf?_=17b0585720b&amp;cdp=a\" target=\"_self\" rel=\"noreferrer noopener\">Satzung des TMA Freilassing<\/a><\/li><li><span class=\"cm_anchor\"><a class=\"cm_anchor\" href=\"https:\/\/www.tma-freilassing.de\/.cm4all\/uproc.php\/0\/Spiel-%20und%20Platzordnung%202025_Ta-3.pdf?cdp=a&amp;_=195ecea3598\" target=\"_self\" rel=\"noreferrer noopener\">Spiel\u2013 und Platzordnung<\/a><\/span><\/li><li><span class=\"cm_anchor\"><a class=\"cm_anchor\" href=\"https:\/\/www.tma-freilassing.de\/.cm4all\/uproc.php\/0\/Beitragsordnung%202025_Ta.pdf?cdp=a&amp;_=195ecea3d68\" target=\"_self\" rel=\"noreferrer noopener\">Beitragsordnung<\/a><\/span><\/li><li><span class=\"cm_anchor\"><a class=\"cm_anchor\" href=\"https:\/\/www.tma-freilassing.de\/.cm4all\/uproc.php\/0\/Gastspielordnung_2025_Ta.pdf?cdp=a&amp;_=195ecea3980\" target=\"_self\" rel=\"noreferrer noopener\">Gastspielordnung<\/a><\/span><\/li><li><span class=\"cm_anchor\"><a class=\"cm_anchor\" href=\"https:\/\/www.tma-freilassing.de\/.cm4all\/uproc.php\/0\/Disziplinarordnung_2022_Ta.pdf?cdp=a&amp;_=1871e78435c\" target=\"_self\" rel=\"noreferrer noopener\">Disziplinarordnung<\/a><br \/><\/span><\/li><li><span class=\"cm_anchor\"><a class=\"cm_anchor\" href=\"https:\/\/www.tma-freilassing.de\/.cm4all\/uproc.php\/0\/Acht%20Tods%C3%BCnden-Hochformat.pdf?_=1785fee7d2e&amp;cdp=a\" target=\"_self\" rel=\"noreferrer noopener\">Die 8 Tods\u00fcnden auf einem Tennisplatz<\/a><\/span><\/li><li><a class=\"cm_anchor\" href=\"https:\/\/www.tma-freilassing.de\/.cm4all\/uproc.php\/0\/Wegweiser%20f%C3%BCr%20Neumitglieder_2023_Ta.pdf?cdp=a&amp;_=1871e713788\" target=\"_self\" rel=\"noreferrer noopener\">Wegweiser f\u00fcr Neumitglieder<\/a><a class=\"cm_anchor\" href=\"https:\/\/www.tma-freilassing.de\/.cm4all\/uproc.php\/0\/Wegweiser%20f%C3%BCr%20Neumitglieder_2023_Ta.pdf?cdp=a&amp;_=1871e713788&amp;cm_odfile\" target=\"_blank\" rel=\"noreferrer noopener\"><br \/><\/a><\/li><\/ul><h4>Downloads zu Online-Platzbuchung<\/h4><ul><li><a class=\"cm_anchor\" href=\"https:\/\/www.tma-freilassing.de\/.cm4all\/uproc.php\/0\/Erstregistrierung_Mitglieder.pdf?_=178d4839340&amp;cdp=a\" target=\"_self\" rel=\"noreferrer noopener\">Erstregistrierung f\u00fcr Mitglieder<\/a><\/li><li><a class=\"cm_anchor\" href=\"https:\/\/www.tma-freilassing.de\/.cm4all\/uproc.php\/0\/Erstregistrierung_Gaeste.pdf?_=178d485f4a0&amp;cdp=a\" target=\"_self\" rel=\"noreferrer noopener\">Erstregistrierung f\u00fcr G\u00e4ste<\/a><\/li><li><a class=\"cm_anchor\" href=\"https:\/\/www.tma-freilassing.de\/.cm4all\/uproc.php\/0\/Platzbuchung.pdf?_=178d484ac80&amp;cdp=a\" target=\"_self\" rel=\"noreferrer noopener\">Platzbuchung<\/a><\/li><\/ul><h4>Downloads Folder<\/h4><ul><li><a class=\"cm_anchor\" href=\"https:\/\/www.tma-freilassing.de\/.cm4all\/uproc.php\/0\/News-PDF\/Folder%20Tennisclub%20Freilassing%202022%20lowRes.pdf?cdp=a&amp;_=17ff53874d4\" target=\"_self\" rel=\"noreferrer noopener\">TMA-Folder &#8222;Lust auf Tennis&#8220;<\/a><\/li><\/ul><h4>Downloads Covid 19<\/h4><ul><li><a class=\"cm_anchor\" href=\"https:\/\/www.tma-freilassing.de\/.cm4all\/uproc.php\/0\/News-PDF\/Zehn%20Hygienetipps_1.pdf?_=171f3fe8948&amp;cdp=a\" target=\"_self\" rel=\"noreferrer noopener\">Zehn Hygienetipps<\/a><\/li><\/ul><h4>Links<\/h4><ul><li><a class=\"cm_anchor\" href=\"https:\/\/www.btv.de\/\" target=\"_blank\" rel=\"noreferrer noopener\">BTV, Bayrischer Tennisverband<\/a><\/li><li><a class=\"cm_anchor\" href=\"https:\/\/www.salzburgtennis.at\/\" target=\"_blank\" rel=\"noreferrer noopener\">STV, Salzburger Tennisverband<\/a><\/li><li><a class=\"cm_anchor\" href=\"https:\/\/www.freilassing.de\/\" target=\"_blank\" rel=\"noreferrer noopener\">Stadt Freilassing<\/a><\/li><li><a class=\"cm_anchor\" href=\"https:\/\/www.tennis-point.de\/\" target=\"_blank\" rel=\"noreferrer noopener\">Tennis-Point.de<\/a><\/li><li><span class=\"cm_anchor\"><a class=\"cm_anchor\" href=\"http:\/\/www.tcpiding.com\/\" target=\"_blank\" rel=\"noreferrer noopener\">TC Piding<\/a><\/span><\/li><li><span class=\"cm_anchor\"><a class=\"cm_anchor\" href=\"http:\/\/www.tus-mitterfelden.de\/cms\/?Tennis___Veranstaltungen_%26amp%3B_Aktuelles%26nbsp%3B\" target=\"_blank\" rel=\"noreferrer noopener\">TUS Mitterfelden<\/a><\/span><\/li><li><span class=\"cm_anchor\"><a class=\"cm_anchor\" href=\"http:\/\/www.tc-surheim.de\/\" target=\"_blank\" rel=\"noreferrer noopener\">TC Surheim<\/a><\/span><\/li><li><a class=\"cm_anchor\" href=\"https:\/\/www.sv-saaldorf.de\/tennis.html\" target=\"_blank\" rel=\"noreferrer noopener\">SV Saaldorf<\/a><\/li><li><span class=\"cm_anchor\"><a class=\"cm_anchor\" href=\"https:\/\/www.sv-leobendorf.de\/tennis\/\" target=\"_blank\" rel=\"noreferrer noopener\">SV Leobendorf<\/a><\/span><\/li><li><span class=\"cm_anchor\"><a class=\"cm_anchor\" href=\"http:\/\/www.tc-badreichenhall.de\/de\/home\/\" target=\"_blank\" rel=\"noreferrer noopener\">TC Bad Reichenhall<\/a><\/span><\/li><li><a class=\"cm_anchor\" href=\"https:\/\/www.marzolltennis.de\/\" target=\"_blank\" rel=\"noreferrer noopener\">SV Marzoll<\/a><\/li><li><a class=\"cm_anchor\" href=\"https:\/\/www.tc-laufen.de\/\" target=\"_blank\" rel=\"noreferrer noopener\">TC Laufen<\/a><\/li><li><span class=\"cm_anchor\"><a class=\"cm_anchor\" href=\"http:\/\/www.tsv-teisendorf.de\/index.php\/abteilungen\/tennis\" target=\"_blank\" rel=\"noreferrer noopener\">TSV Teisendorf<\/a><\/span><\/li><\/ul>\t\t\t\t\t\t\t\t<\/div>\n\t\t\t\t<\/div>\n\t\t\t\t\t<\/div>\n\t\t\t\t<\/div>\n\t\t\t\t<\/div>\n\t\t","protected":false},"excerpt":{"rendered":"<p>Downloads &#038; Links Der TMA Freilassing stellt Ihnen\/Euch wichtige Informationen und Formulare imPDF-Format zur Verf\u00fcgung: Downloads\u00a0zum Verein Beitrittserkl\u00e4rung_2025 Datenschutzrichtlinie Satzung des TMA Freilassing Spiel\u2013 und Platzordnung Beitragsordnung Gastspielordnung Disziplinarordnung Die 8 Tods\u00fcnden auf einem Tennisplatz Wegweiser f\u00fcr Neumitglieder Downloads zu Online-Platzbuchung Erstregistrierung f\u00fcr Mitglieder Erstregistrierung f\u00fcr G\u00e4ste Platzbuchung Downloads Folder TMA-Folder &#8222;Lust auf Tennis&#8220; Downloads Covid 19 Zehn Hygienetipps Links BTV, Bayrischer Tennisverband STV, Salzburger Tennisverband Stadt Freilassing Tennis-Point.de TC Piding TUS Mitterfelden TC Surheim SV Saaldorf SV Leobendorf TC Bad Reichenhall SV Marzoll TC Laufen TSV Teisendorf<\/p>\n","protected":false},"author":1,"featured_media":0,"parent":0,"menu_order":0,"comment_status":"closed","ping_status":"closed","template":"elementor_header_footer","meta":{"footnotes":""},"class_list":["post-740","page","type-page","status-publish","hentry"],"_links":{"self":[{"href":"https:\/\/jaeger.expert\/tma\/wp-json\/wp\/v2\/pages\/740","targetHints":{"allow":["GET"]}}],"collection":[{"href":"https:\/\/jaeger.expert\/tma\/wp-json\/wp\/v2\/pages"}],"about":[{"href":"https:\/\/jaeger.expert\/tma\/wp-json\/wp\/v2\/types\/page"}],"author":[{"embeddable":true,"href":"https:\/\/jaeger.expert\/tma\/wp-json\/wp\/v2\/users\/1"}],"replies":[{"embeddable":true,"href":"https:\/\/jaeger.expert\/tma\/wp-json\/wp\/v2\/comments?post=740"}],"version-history":[{"count":15,"href":"https:\/\/jaeger.expert\/tma\/wp-json\/wp\/v2\/pages\/740\/revisions"}],"predecessor-version":[{"id":1242,"href":"https:\/\/jaeger.expert\/tma\/wp-json\/wp\/v2\/pages\/740\/revisions\/1242"}],"wp:attachment":[{"href":"https:\/\/jaeger.expert\/tma\/wp-json\/wp\/v2\/media?parent=740"}],"curies":[{"name":"wp","href":"https:\/\/api.w.org\/{rel}","templated":true}]}}